{"version":"1.0","provider_name":"","provider_url":"https:\/\/monsefderraji.com\/en","author_name":"monsef","author_url":"https:\/\/monsefderraji.com\/en\/author\/monsef\/","title":"Monsef Derraji - Fonctions -","type":"rich","width":600,"height":338,"html":"<blockquote class=\"wp-embedded-content\" data-secret=\"8xxWrvBeQJ\"><a href=\"https:\/\/monsefderraji.com\/en\/fonctions\/\">Monsef Derraji &#8211; Fonctions<\/a><\/blockquote><iframe sandbox=\"allow-scripts\" security=\"restricted\" src=\"https:\/\/monsefderraji.com\/en\/fonctions\/embed\/#?secret=8xxWrvBeQJ\" width=\"600\" height=\"338\" title=\"&#8220;Monsef Derraji &#8211; Fonctions&#8221; &#8212; \" data-secret=\"8xxWrvBeQJ\" frameborder=\"0\" marginwidth=\"0\" marginheight=\"0\" scrolling=\"no\" class=\"wp-embedded-content\"><\/iframe><script>\n\/*! This file is auto-generated *\/\n!function(d,l){\"use strict\";l.querySelector&&d.addEventListener&&\"undefined\"!=typeof URL&&(d.wp=d.wp||{},d.wp.receiveEmbedMessage||(d.wp.receiveEmbedMessage=function(e){var t=e.data;if((t||t.secret||t.message||t.value)&&!\/[^a-zA-Z0-9]\/.test(t.secret)){for(var s,r,n,a=l.querySelectorAll('iframe[data-secret=\"'+t.secret+'\"]'),o=l.querySelectorAll('blockquote[data-secret=\"'+t.secret+'\"]'),c=new RegExp(\"^https?:$\",\"i\"),i=0;i<o.length;i++)o[i].style.display=\"none\";for(i=0;i<a.length;i++)s=a[i],e.source===s.contentWindow&&(s.removeAttribute(\"style\"),\"height\"===t.message?(1e3<(r=parseInt(t.value,10))?r=1e3:~~r<200&&(r=200),s.height=r):\"link\"===t.message&&(r=new URL(s.getAttribute(\"src\")),n=new URL(t.value),c.test(n.protocol))&&n.host===r.host&&l.activeElement===s&&(d.top.location.href=t.value))}},d.addEventListener(\"message\",d.wp.receiveEmbedMessage,!1),l.addEventListener(\"DOMContentLoaded\",function(){for(var e,t,s=l.querySelectorAll(\"iframe.wp-embedded-content\"),r=0;r<s.length;r++)(t=(e=s[r]).getAttribute(\"data-secret\"))||(t=Math.random().toString(36).substring(2,12),e.src+=\"#?secret=\"+t,e.setAttribute(\"data-secret\",t)),e.contentWindow.postMessage({message:\"ready\",secret:t},\"*\")},!1)))}(window,document);\n\/\/# sourceURL=https:\/\/monsefderraji.com\/wp-includes\/js\/wp-embed.min.js\n<\/script>","description":"Accueil Fonctions Biographie \u00c9v\u00e9nements Accueil Fonctions Biographie \u00c9v\u00e9nements Accueil Fonctions Biographie \u00c9v\u00e9nements Fonctions Fonctions politiques\u00a0 et parlementaires R\u00e9\u00e9lu d\u00e9put\u00e9 de la circonscription de Nelligan aux \u00e9lections g\u00e9n\u00e9rales du 3 octobre 2022 Fonctions actuelles Porte-parole de l\u2019opposition officielle en mati\u00e8re d\u2019infrastructures depuis le 21 mars 2024 Membre de la Commission des transports et de l\u2019environnement depuis le 24 janvier 2024 Porte-parole de l\u2019opposition officielle en mati\u00e8re de transports et de mobilit\u00e9 durable depuis le 16 janvier 2024 Membre de la Commission de l\u2019administration publique depuis le 2 d\u00e9cembre 2022 Membre de la Commission de l\u2019Assembl\u00e9e nationale depuis le 29 novembre 2022 Membre de la Sous-commission de la r\u00e9forme parlementaire depuis le 29 novembre 2022 Porte-parole de l\u2019opposition officielle en mati\u00e8re d\u2019\u00e9thique depuis le 15 novembre 2022 Porte-parole de l\u2019opposition officielle en mati\u00e8re d\u2019institutions d\u00e9mocratiques depuis le 15 novembre 2022 Porte-parole de l\u2019opposition officielle pour la Loi \u00e9lectorale depuis le 15 novembre 2022 Leader parlementaire de l\u2019opposition officielle depuis le 14 novembre 2022 Fonctions pr\u00e9c\u00e9dentes Membre de la Commission des finances publiques du 17 octobre 2023 au 18 d\u00e9cembre 2023 Porte-parole de l\u2019opposition officielle en mati\u00e8re de finances du 16 octobre 2023 au 15 d\u00e9cembre 2023 Porte-parole de l\u2019opposition officielle en mati\u00e8re d\u2019immigration, de francisation et d\u2019int\u00e9gration du 23 janvier 2023 au 16 janvier 2024 Porte-parole de l\u2019opposition officielle en mati\u00e8re de sant\u00e9 du 27 octobre 2022 au 15 novembre 2022 Leader parlementaire adjoint de l\u2019opposition officielle du 12 octobre 2022 au 14 novembre 2022 \u00c9lu d\u00e9put\u00e9 de la circonscription de Nelligan aux \u00e9lections g\u00e9n\u00e9rales du 1 octobre 2018 Membre de la Commission de la sant\u00e9 et des services sociaux du 14 janvier 2022 au 28 ao\u00fbt 2022 Porte-parole de l\u2019opposition officielle en mati\u00e8re de sant\u00e9 du 11 janvier 2022 au 28 ao\u00fbt 2022 Porte-parole de l\u2019opposition officielle en mati\u00e8re de services sociaux du 11 janvier 2022 au 28 ao\u00fbt 2022 Membre de la Commission des finances publiques du 14 septembre 2021 au 14 janvier 2022 Porte-parole de l\u2019opposition officielle en mati\u00e8re d\u2019\u00e9conomie du 18 ao\u00fbt 2021 au 11 janvier 2022 Porte-parole de l\u2019opposition officielle en mati\u00e8re de recherche du 18 ao\u00fbt 2021 au 11 janvier 2022 Leader parlementaire adjoint de l\u2019opposition officielle du 16 juin 2020 au 28 ao\u00fbt 2022 Porte-parole de l\u2019opposition officielle en mati\u00e8re de travail et d\u2019emploi du 16 juin 2020 au 11 janvier 2022 Vice-pr\u00e9sident de la D\u00e9l\u00e9gation de l\u2019Assembl\u00e9e nationale pour les Relations avec le Maroc :Comit\u00e9 directeur (DANRM) du 22 octobre 2019 au 28 ao\u00fbt 2022 Membre du Bureau de l\u2019Assembl\u00e9e nationale du 17 septembre 2019 au 16 septembre 2020 Porte-parole de l\u2019opposition officielle en mati\u00e8re d\u2019immigration du 15 juillet 2019 au 16 juin 2020 Membre de la Commission de l\u2019\u00e9conomie et du travail du 30 novembre 2018 au 14 janvier 2022 Membre de la Commission des finances publiques du 30 novembre 2018 au 15 septembre 2020 Porte-parole de l\u2019opposition officielle en mati\u00e8re de PME et d\u2019innovation du 22 octobre 2018 au 11 janvier 2022 Interventions Projets de lois M\u00e9dias Monsef Derraji D\u00e9put\u00e9 de Nelligan Leader de l\u2019Opposition officielle X-twitter Facebook Instagram Youtube Linkedin Coordonn\u00e9es Circonscription 3535, boulevard Saint-Charles Bureau 400 Kirkland (Qu\u00e9bec) H9H 5B9 T\u00e9l\u00e9phone : 514 695-2440 T\u00e9l\u00e9copieur : 514 695-8648 Monsef.Derraji.NELL@assnat.qc.ca \u00a9 2024","thumbnail_url":"https:\/\/monsefderraji.com\/wp-content\/uploads\/2024\/07\/monsef.png"}

Accueil Fonctions Biographie Événements Accueil Fonctions Biographie Événements Accueil Fonctions Biographie Événements Fonctions Fonctions politiques  et parlementaires Réélu député de la circonscription de Nelligan aux élections générales du 3 octobre 2022 Fonctions actuelles Porte-parole de l’opposition officielle en matière d’infrastructures depuis le 21 mars 2024 Membre de la Commission des transports et de l’environnement depuis le 24 janvier 2024 Porte-parole de l’opposition officielle en matière de transports et de mobilité durable depuis le 16 janvier 2024 Membre de la Commission de l’administration publique depuis le 2 décembre 2022 Membre de la Commission de l’Assemblée nationale depuis le 29 novembre 2022 Membre de la Sous-commission de la réforme parlementaire depuis le 29 novembre 2022 Porte-parole de l’opposition officielle en matière d’éthique depuis le 15 novembre 2022 Porte-parole de l’opposition officielle en matière d’institutions démocratiques depuis le 15 novembre 2022 Porte-parole de l’opposition officielle pour la Loi électorale depuis le 15 novembre 2022 Leader parlementaire de l’opposition officielle depuis le 14 novembre 2022 Fonctions précédentes Membre de la Commission des finances publiques du 17 octobre 2023 au 18 décembre 2023 Porte-parole de l’opposition officielle en matière de finances du 16 octobre 2023 au 15 décembre 2023 Porte-parole de l’opposition officielle en matière d’immigration, de francisation et d’intégration du 23 janvier 2023 au 16 janvier 2024 Porte-parole de l’opposition officielle en matière de santé du 27 octobre 2022 au 15 novembre 2022 Leader parlementaire adjoint de l’opposition officielle du 12 octobre 2022 au 14 novembre 2022 Élu député de la circonscription de Nelligan aux élections générales du 1 octobre 2018 Membre de la Commission de la santé et des services sociaux du 14 janvier 2022 au 28 août 2022 Porte-parole de l’opposition officielle en matière de santé du 11 janvier 2022 au 28 août 2022 Porte-parole de l’opposition officielle en matière de services sociaux du 11 janvier 2022 au 28 août 2022 Membre de la Commission des finances publiques du 14 septembre 2021 au 14 janvier 2022 Porte-parole de l’opposition officielle en matière d’économie du 18 août 2021 au 11 janvier 2022 Porte-parole de l’opposition officielle en matière de recherche du 18 août 2021 au 11 janvier 2022 Leader parlementaire adjoint de l’opposition officielle du 16 juin 2020 au 28 août 2022 Porte-parole de l’opposition officielle en matière de travail et d’emploi du 16 juin 2020 au 11 janvier 2022 Vice-président de la Délégation de l’Assemblée nationale pour les Relations avec le Maroc :Comité directeur (DANRM) du 22 octobre 2019 au 28 août 2022 Membre du Bureau de l’Assemblée nationale du 17 septembre 2019 au 16 septembre 2020 Porte-parole de l’opposition officielle en matière d’immigration du 15 juillet 2019 au 16 juin 2020 Membre de la Commission de l’économie et du travail du 30 novembre 2018 au 14 janvier 2022 Membre de la Commission des finances publiques du 30 novembre 2018 au 15 septembre 2020 Porte-parole de l’opposition officielle en matière de PME et d’innovation du 22 octobre 2018 au 11 janvier 2022 Interventions Projets de lois Médias Monsef Derraji Député de Nelligan Leader de l’Opposition officielle X-twitter Facebook Instagram Youtube Linkedin Coordonnées Circonscription 3535, boulevard Saint-Charles Bureau 400 Kirkland (Québec) H9H 5B9 Téléphone : 514 695-2440 Télécopieur : 514 695-8648 Monsef.Derraji.NELL@assnat.qc.ca © 2024
